he highest common divisor of 17 and l?
17
Let l = 5422 + -5359. Suppose -5*y = -5*k + 1595, -2*y + 8 = -4*y. Calculate the highest common factor of l and k.
63
Let o = -5765 + 5945. What is the highest common factor of o and 3285?
45
Let f = -160 - -262. Let x = -42 + f. Calculate the greatest common divisor of x and 40.
20
Let m = 673 + -304. Suppose -10*k = -30 - 70. Suppose 8*v + 90 = k*v - 4*n, -166 = -4*v + n. Calculate the highest common divisor of m and v.
41
Let p(v) = -21*v + 73. Let s = 354 + -351. Let b be p(s). Calculate the highest common divisor of b and 130.
10
Suppose 0 = -19*f + 376 + 99. Suppose 31*d - f = 30*d. What is the highest common divisor of d and 1?
1
Let y be ((-940905)/420)/(1/(-8)*2). What is the highest common factor of 87 and y?
87
Suppose 0 = 4*r + s - 223, -2*r + 117 = s + 8. Let a be (38/r)/(2/150). Calculate the highest common factor of a and 275.
25
Let d(m) = 708*m**3 - 3 - 609*m**3 + 3 + 1. Let g be d(1). What is the greatest common divisor of g and 10?
10
Let d be 2 + -7 - -6*(10 - 0). Calculate the greatest common factor of 748 and d.
11
Suppose 4*y + 14 = 3*f, -4*f + 4*y - 139 = -159. Calculate the greatest common factor of f and 474.
6
Let y be (-8)/84 - 15748/(-1302). Let t be ((-382)/10)/(-1)*5 + 1. Calculate the greatest common factor of y and t.
12
Let u = 19 - -3. Let w be (411/(-2))/((-15)/30). Suppose -6*k + 513 = -w. What is the greatest common divisor of k and u?
22
Let x = 26 - -334. Suppose -x = 9*l - 33*l. What is the highest common factor of l and 6?
3
Let i be (-6)/(-18)*27*-5. Let c be (-9)/i - (-6378)/10. What is the greatest common divisor of 22 and c?
22
Let d(y) = 2*y**3 - 2*y**2 + 5*y - 4. Let l(v) = -10*v + 222. Let k be l(22). Let z be d(k). Calculate the greatest common divisor of z and 686.
14
Let o(r) = r + 12. Let s(z) = -1. Let u(a) = -2*o(a) + 4*s(a). Let g be u(-12). Let x be 1*(-2)/g*96. What is the highest common divisor of x and 120?
24
Suppose -678 - 3417 = -105*a. What is the greatest common factor of 519 and a?
3
Suppose 0 = 162*k - 177*k + 300. Calculate the highest common divisor of 1810 and k.
10
Let q(m) = -m**3 + 19*m**2 - 13*m - 33. Let u be q(18). Suppose 10*i + u - 257 = 0. Let a be 2/5 + 3294/15. What is the highest common factor of i and a?
20
Let c be -1 + (-5 + 5 - 34). Let f be 90 - 14/c*5. Let u(o) = o**2 - o + 4. Let i be u(-6). Calculate the greatest common factor of f and i.
46
Let y be (6/(-5))/(74/(-555)). Suppose -3589 = -y*b + 803. What is the greatest common factor of b and 61?
61
Let o = -4 - -7. Suppose 40 = 5*k - 3*w, -20 = k + 3*w + 2*w. Suppose -2*u + 3*u + 35 = 3*s, k*u = 3*s - 31. What is the highest common factor of o and s?
3
Let j be ((-28)/35)/(4/(-310)). Let d = 6992 - 6868. What is the highest common factor of j and d?
62
Let i(m) be the second derivative of m**4/4 + 2*m**3 - m**2 + 12*m. Let a be i(-6). Let k = -7 + a. Calculate the greatest common divisor of k and 9.
9
Let m be 1351/(-28) + (-2)/(-8). Let d = m - -57. Suppose 13 = 11*v - d. Calculate the greatest common divisor of 6 and v.
2
Suppose s - 3056 - 1148 = 5*b, 3*s + 3*b = 12720. Calculate the greatest common divisor of 292 and s.
146
Let h = -2972 + 3708. What is the greatest common divisor of h and 352?
32
Let h(m) = 2945*m**2 + 26*m - 48. Let r be h(2). Calculate the greatest common factor of r and 24.
24
Let a(v) = 64*v + 3252. Let q be a(-50). What is the highest common divisor of q and 221?
13
Let c(r) = 339*r**2 + 39*r - 97. Let i be c(3). Calculate the greatest common factor of i and 74.
37
Let d be (24 - 11) + (4201 - 12). What is the greatest common factor of d and 66?
22
Suppose 0 = 5*l - 15, -6 = -j - l + 3. Let w(o) = 43*o**2 + 59*o - 76. Let d be w(1). What is the greatest common divisor of d and j?
2
Suppose 2*u + 223 + 263 = 4*p, -4*u = -2*p + 222. Calculate the greatest common factor of p and 6875.
125
Let p = 3131 - 3113. Suppose 0*o + 72 = 4*o. Calculate the highest common factor of p and o.
18
Let a(j) = -9*j - 9. Let x be a(-9). Suppose -w + 52 = 3*w. Suppose -w = -4*d + 19. What is the greatest common divisor of d and x?
8
Let x = -4434 - -5183. What is the highest common factor of 42 and x?
7
Let d be ((-792)/60)/(12/(-150)). What is the greatest common factor of 2585 and d?
55
Let r be 15/(-3) + (22 - 14 - (-239 - 1)). Let j be (1 - 2)*(-25 + 0). Let v be -1*(-1 - (j + 1)). Calculate the highest common divisor of v and r.
27
Suppose 0*h + 3*h - 76 = -2*j, -2*h - 5*j + 69 = 0. Suppose 686*k - 336 = 683*k - 2*x, 3*x + 101 = k. What is the greatest common divisor of h and k?
22
Let o be (12 - 1 - 3)*(-2)/(-8). Suppose -o*t = 5*t + 889. Let v = t - -181. What is the highest common factor of 81 and v?
27
Let m(o) = -o**2 - 5*o + 74. Let q be m(-7). What is the highest common divisor of 105 and q?
15
Let p(i) = i**3 + 54*i**2 - 87*i + 567. Let u be p(-54). What is the greatest common divisor of 45 and u?
45
Suppose 5*i + 5*n - 680 = 0, i - 3*n - 136 = -0*n. Let g = i - 125. Let w = g + -3. Calculate the greatest common divisor of 8 and w.
8
Let r = -726 - -762. What is the highest common factor of 1386 and r?
18
Let w be (39/65)/(3/10). Suppose 4*u + k = 1597, -9*u + w*k + 806 = -7*u. Calculate the highest common factor of u and 25.
25
Let i = 4575 + -4566. Calculate the greatest common divisor of 9927 and i.
9
Suppose -5*z - 2*z = -1575. Let l = 265 - z. Calculate the greatest common factor of l and 760.
40
Let y be (612/21)/((-3)/(-21)). Suppose -4*i + 3*h + 807 = 8*h, 0 = i - h - y. Calculate the highest common factor of 7 and i.
7
Suppose -97*q - 211 = -13*q - 4747. What is the highest common divisor of 12 and q?
6
Let m(q) = -3*q + 2. Let l be m(-6). Let z be (7 - 4) + 16/8. Suppose -4*g + d = -4*d - 225, -255 = -4*g - z*d. What is the greatest common divisor of l and g?
20
Let h(k) = -6*k + 238. Let i be h(36). What is the highest common factor of i and 44?
22
Suppose l - 4*a - 502 = 0, 3106 - 1122 = 4*l - 4*a. What is the highest common divisor of l and 143?
13
Let b(u) = u**3 - 26*u**2 + 29*u - 42. Let y be b(24). Let s be (-12)/(-42) + y/(-21). Let r be (-4)/6 + s/9. What is the greatest common factor of r and 4?
2
Suppose -6*u + 7*u + 2 = 0. Let k be u/(-5) + (-92)/(-20). Suppose -4*z = k - 229. Calculate the highest common factor of z and 84.
28
Let k = 22 - 18. Suppose 0 = -k*b + 5*t + 164, -8*b + 7*b = -t - 41. Calculate the greatest common divisor of b and 1312.
41
Let d(w) = 12*w + 38. Suppose 3*i = -c - 18, -8*c + 3*i + 6 = -5*c. Let r be d(c). Let g = -8 + 11. What is the greatest common factor of r and g?
1
Let y be ((-6)/27 - (-8)/9)/((-859)/(-481899)). Calculate the highest common factor of y and 869.
11
Suppose 0 = 70*g - 308 - 42. What is the greatest common factor of 640 and g?
5
Let z(h) = -h + 34. Let b be z(9). Suppose -b*o + 60 = -5*o. What is the greatest common divisor of 15 and o?
3
Let u be (40196/6957)/((-2)/27*-3). What is the highest common divisor of 107 and u?
1
Suppose 0 = -54*c + 55*c - 22. Suppose 0 = -k + c + 22. Calculate the highest common divisor of k and 198.
22
Suppose -10*c = -313 - 477. Suppose c*i - 83*i = -56. Calculate the greatest common factor of i and 168.
14
Let z(b) = 81*b**2 - 3*b - 8. Let f be ((-5)/(-1) - 11)*5/15. Let g be z(f). Calculate the greatest common factor of g and 14.
14
Let j = 5138 - 3390. What is the highest common factor of j and 460?
92
Let m = 9342 - 5757. What is the highest common factor of 30 and m?
15
Let t(y) = -3*y - 8. Let c be t(-6). Suppose 5*j + 4*a - 36 = 0, 2*j - 7 = a + c. Suppose 0 = 33*f - 42*f + 9. What is the highest common factor of j and f?
1
Let m(r) = 4*r**2 + 219*r + 3665. Let g be m(-95). What is the highest common divisor of g and 30?
30
Suppose -2*g - 3*g - 35 = -s, 5*g = -4*s + 15. Suppose -s*y + 12*y = 4*z, 0 = -2*z + 6. What is the greatest common divisor of y and 48?
6
Let o be (-34 + -1)*(-216)/(-20). Let k = o + 380. What is the greatest common divisor of 13 and k?
1
Suppose 9*u + 243 = 18*u. Suppose 4*g + 151 - 259 = 0. What is the greatest common factor of u and g?
27
Let k = -4598 + 4724. What is the highest common divisor of k and 6636?
42
Let i(p) be the second derivative of 2*p**4/3 - p**3/2 + p**2/2 - 12*p. Suppose -2*z + 0*z = -2. Let 